18
Suppose 3*b - 12 = -b. Let u(l) = 17*l + 3. Let z be u(b). Let g = -31 - -37. What is the highest common factor of g and z?
6
Let q(m) = -2*m + 12. Let k be q(8). Let h be ((-3)/2)/(k/8). Calculate the greatest common factor of 3 and h.
3
Let f(k) = k**3 + 7*k**2 + 6*k + 9. Let b = -10 + 4. Let r be f(b). What is the greatest common divisor of 63 and r?
9
Let h = -34 + 36. Calculate the greatest common factor of 2 and h.
2
Let j be 4 + 135 + 9 + -4. Let r = 25 + -9. Let t be (r/6)/((-3)/(-18)). Calculate the highest common divisor of j and t.
16
Let w = 34 + -20. Let q = 10 + -12. Let b be 7 + q + -2 + 4. Calculate the highest common factor of b and w.
7
Let r = 25 - -2. Calculate the greatest common divisor of r and 3.
3
Suppose 0 = r + 4*r + 95. Let d = -11 - r. Calculate the highest common factor of d and 2.
2
Let h(m) = 2*m**2 + 10. Let s be h(-11). What is the greatest common divisor of 28 and s?
28
Let p(u) = u**3 - 7*u**2 + 6*u + 3. Suppose c - 1 - 4 = 0. Let r be p(c). Let z = 121 + r. Calculate the highest common divisor of z and 13.
13
Suppose h + 66 = 4*h. Calculate the greatest common divisor of h and 2.
2
Let d be (-5 - 45)*6/(-15). Calculate the greatest common divisor of 30 and d.
10
Suppose -2*s + 4 = n + 8, -3*s + 2*n + 8 = 0. Let p(t) = t + 406. Let j be p(s). Suppose 0 = 5*c - j - 14. Calculate the greatest common divisor of 12 and c.
12
Let o be (-3)/(-21) + 111/7. Calculate the greatest common factor of o and 16.
16
Suppose -5*x = 0, -120 = -5*d - x + 6*x. Calculate the greatest common divisor of d and 36.
12
Let k be -4*3/((-6)/4). Let x be ((-4)/5)/(4/10). Let p be (x + (-3)/(-1))/1. Calculate the greatest common divisor of k and p.
1
Let i = -6 + 6. Suppose i*w - 5*w = -5. Calculate the highest common divisor of 3 and w.
1
Let x(p) be the third derivative of p**4/24 + 7*p**3/2 - 3*p**2. Let b be x(0). Suppose 24 = 3*z - b. What is the greatest common factor of 15 and z?
15
Let n be 29/5 - (-1)/5. Let t(u) = 3*u - 3. Let g be t(n). Suppose 2*z = g + 3. What is the highest common divisor of z and 18?
9
Let c be 537/7 + 2/7. Let z be ((-2)/(-1))/(-2 + 32/14). What is the highest common divisor of c and z?
7
Let n(b) be the first derivative of 3*b**2 + 2*b + 1. Let v be n(2). What is the highest common factor of 2 and v?
2
Let y be (1 - (-5)/(-3))*-114. Suppose a + b = 13, -y + 12 = -4*a - b. What is the highest common divisor of 85 and a?
17
Let w = -80 - -88. Suppose -a + 1 = -1. Calculate the highest common divisor of a and w.
2
Let t = 81 + -56. Suppose 4*l + 21 = 1. Let h = l + t. What is the greatest common factor of 4 and h?
4
Suppose 23*b - 221 - 55 = 0. Let l = 1 - -7. What is the greatest common factor of l and b?
4
Let h = 5 - -1. Let v = 9 - h. Calculate the greatest common divisor of 24 and v.
3
Let l(s) = -20*s. Let n be l(2). Let m = n + 72. Calculate the greatest common factor of 48 and m.
16
Let q = 12 + -20. Let d(x) = -x**3 + 4*x**2 - 4*x. Let k be d(4). Let w = q - k. Calculate the highest common divisor of 88 and w.
8
Suppose 2*d - 46 + 4 = -3*h, -5*h = -3*d + 44. Suppose -4*b + 4 = -44. Suppose d = 2*y - b. Calculate the greatest common factor of y and 15.
15
Suppose -4*n = -4*t + 37 - 97, -2*t + 2 = 0. Let c = -8 + 48. What is the greatest common divisor of n and c?
8
Let l = -3 + 25. Calculate the greatest common divisor of l and 66.
22
Let y(z) = z**2 + 3*z - 10. Let t be y(-7). Let l = t + 0. Calculate the greatest common factor of l and 18.
18
Suppose -5*q = -13*q + 160. What is the greatest common factor of 4 and q?
4
Let z(k) = k - 7. Let f be z(5). Let i be 60/8 - f/(-4). Calculate the highest common divisor of 7 and i.
7
Suppose 15*p - 175 = 14*p. What is the greatest common divisor of p and 35?
35
Suppose -3*y - 2*y + 350 = 0. Suppose 55 = 3*k + 2*k - f, 0 = k - 5*f - 35. Calculate the highest common factor of y and k.
10
Suppose 3*v - 16 + 4 = 0. What is the greatest common factor of v and 32?
4
Let m = 0 - 2. Let r(z) = -2*z + 2. Let h be r(m). Calculate the highest common divisor of 48 and h.
6
Let b be (0 - -2*10) + -2. Suppose -s - 88 = 3*i, -3*i + 2*s - s - 92 = 0. Let m be b/i + 46/10. What is the greatest common divisor of 16 and m?
4
Suppose 2*p = 3*v - 2 - 0, -4*p - 5*v + 40 = 0. Let w(k) = 20*k - 5. Let j be w(p). Suppose 0 = -4*t - t + j. Calculate the greatest common divisor of 19 and t.
19
Let q(j) = 16*j**3 - 3*j**2 + 2*j + 2. Let n be q(2). Let g = n - 67. What is the greatest common divisor of g and 11?
11
Let b = 136 + -85. Calculate the greatest common factor of b and 17.
17
Let s be 13/4 - 14/56. Calculate the highest common factor of 24 and s.
3
Suppose -5*u = 4*a - 57, -a - 2*u = 2*u - 6. Calculate the greatest common factor of a and 6.
6
Let l(t) = 12*t**3 - t**2 + t. Let h be l(1). Let f(a) = -a**2 + 19*a - 12. Let u be f(15). What is the greatest common divisor of u and h?
12
Let t(k) = 2*k**3 + 1. Let m be t(2). Let b = m - 2. What is the greatest common factor of 10 and b?
5
Let f be (2 + (-84)/9)/(10/(-15)). What is the highest common factor of f and 77?
11
Let m(j) = 19*j**2 + j. Suppose -g = 4*g + 5*i - 50, -g + i + 2 = 0. Let s be (2/(-3))/(4/g). Let r be m(s). What is the greatest common factor of r and 45?
9
Let c(q) = -16*q**2 + q - 1. Let i be c(1). Let y be -12*-6*(-4)/i. What is the greatest common divisor of 36 and y?
18
Suppose 4*r = o + 8, -r = 4*r - o - 10. Let t(z) = z**2 - 5*z - 2. Let w be t(-3). What is the highest common divisor of r and w?
2
Suppose -25 = 4*i - 81. Let v(y) = -y**3 - 4*y**2 - 4. Let g(c) = c - 5. Let m be g(0). Let h be v(m). What is the highest common factor of i and h?
7
Suppose -y + 40 = -5*x + 9, 2*y - 27 = 3*x. Calculate the highest common factor of y and 6.
6
Suppose -4*k + 61 = 17. Calculate the highest common divisor of k and 66.
11
Let i = 5 - 3. Suppose 47 = 2*y + 5*h, -i*y = -h - 31 + 2. What is the highest common divisor of y and 40?
8
Suppose 0 = q - 5*b - 1, -3*q + 125 = 2*q + 5*b. Let i = -5 + 12. Calculate the highest common factor of q and i.
7
Let t = 31 + 1. Calculate the greatest common factor of t and 288.
32
Let l = 2 - -43. Suppose -l = -2*v + v. What is the highest common divisor of v and 9?
9
Suppose -3*o + 5*r + 40 = 0, o - 9 - 2 = 4*r. Let y be 1918/8 + 2/8. Suppose -w = w - y. Calculate the highest common divisor of o and w.
15
Let s(m) = -2*m**3 + m**2 + 2*m. Let y = -9 - -7. Let h be s(y). What is the greatest common factor of 8 and h?
8
Suppose -2*u - u = -12. Suppose -4*m - 16 = -u*l, -2*m + 0*l = l - 4. Let i be 33*(1/3 + m). Calculate the greatest common divisor of i and 88.
11
Let w be (-1)/((3 - 2)/(0 - 5)). Calculate the greatest common factor of w and 25.
5
Suppose -2*m = -11 - 5. Calculate the greatest common divisor of m and 64.
8
Let b be (16/3 + -4)*168. What is the highest common divisor of b and 32?
32
Suppose -3*h = 2*h + 30. Let s be 2/h + 48/9. What is the highest common factor of 5 and s?
5
Let v be -1 - (10 + 3 - 4). Let o be 20/50 + (-1146)/v. Calculate the greatest common divisor of 46 and o.
23
Suppose -4*c = -p + 125, 0 = 4*c - 5*p - 62 + 175. Let a = -21 - c. Suppose 3*r = 4*r - 44. Calculate the greatest common factor of a and r.
11
Let m be 196 - (-3 + 1)*1. Let f = 24 - -5. Suppose 10 = x + 2*t, 4*t - 45 = -5*x + f. What is the highest common factor of m and x?
18
Let b(t) = 0*t - 3*t - t**2 - 4*t + 2. Let x be b(-7). Suppose -h = x, 3*h + 14 = 3*l - 55. What is the greatest common factor of 3 and l?
3
Let m(l) = -2*l**2 + 0*l**2 - 4*l + 3*l + 5*l. Let v be m(3). Let t be 4/v*15/(-10). What is the highest common divisor of t and 8?
1
Suppose 0 = -4*s + 2*k + 2*k + 48, -5*s + 56 = -k. Let l = 13 - 12. What is the highest common divisor of s and l?
1
Let a(t) = 11*t**2 + 2*t. Let p be a(3). Suppose -k - 2*k + 5*u + 50 = 0, 3*k + 4*u - 41 = 0. What is the highest common factor of p and k?
15
Let c(q) = q**3 - 7*q**2 + 8*q - 5. Let u be c(6). Calculate the highest common factor of 28 and u.
7
Let v = 39 - 21. Suppose -c + 5 = 0, -2*t - 2*c = -3*t + v. What is the greatest common divisor of 14 and t?
14
Let a(o) = 14*o + 1. Let f be a(2). Let u = -14 + f. What is the highest common factor of 3 and u?
3
Let b(i) = i**2 + 3*i + 1. Let c be b(-4). Suppose -4*s - 53 = -5*r, 